{"id":32,"date":"2018-12-06T09:48:50","date_gmt":"2018-12-06T08:48:50","guid":{"rendered":"https:\/\/iutdijon.u-bourgogne.fr\/www\/?page_id=32"},"modified":"2023-04-18T09:21:25","modified_gmt":"2023-04-18T07:21:25","slug":"connexion-au-site","status":"publish","type":"page","link":"https:\/\/iutdijon.u-bourgogne.fr\/www\/connexion-au-site","title":{"rendered":"Connexion au site"},"content":{"rendered":"<section class=\"kc-elm kc-css-816462 kc_row\"><div class=\"kc-row-container  kc-container\"><div class=\"kc-wrap-columns\"><div class=\"kc-elm kc-css-501118 kc_col-sm-12 kc_column kc_col-sm-12\"><div class=\"kc-col-container\"><div class=\"kc-elm kc-css-653977 kc_text_block\"><\/p>\n<p>La partie priv\u00e9e du site est r\u00e9serv\u00e9e aux personnels de l\u2019uB ayant acc\u00e8s pour modifier les contenus : vous devez poss\u00e9dez un compte utilisateur.<br \/>\nLe login et le mot de passe que vous devez utiliser sont ceux de votre compte intranet de l\u2019universit\u00e9.<br \/>\nPour toutes questions ou probl\u00e8mes merci de vous adressez \u00e0 l\u2019<a href=\"https:\/\/iutdijon.u-bourgogne.fr\/www\/contact?tomail=admin\" title=\"Administrateur De Ce Site\">administrateur de ce site<\/a>.<\/p>\n<p>Vous souhaitez proposer des \u00e9v\u00e9nements dans l\u2019agenda, rendez-vous sur le <a href=\"http:\/\/agenda.u-bourgogne.fr\" title=\"Site D\u00e9di\u00e9 \u00e0 L?Agenda De L?Universit\u00e9\" target=\"_blank\" rel=\"noopener noreferrer\">site d\u00e9di\u00e9 \u00e0 l\u2019Agenda de l\u2019Universit\u00e9<\/a>.<\/p>\n<p><a class=\"btn btn-primary\" href=\"https:\/\/casiut21.u-bourgogne.fr\/login?service=https:\/\/iutdijon.u-bourgogne.fr\/www\/wp-login.php?redirect_to=https:\/\/iutdijon.u-bourgogne.fr\/www\" title=\"Connexion CAS IUT\">Connexion CAS IUT<\/a><\/p>\n<p><a class=\"btn btn-primary\" href=\"\/www\/wp-login.php?wp\" title=\"Connexion WordPress\">Connexion WordPress<\/a><\/p>\n<p>\n<\/div><\/div><\/div><\/div><\/div><\/section>\n","protected":false},"excerpt":{"rendered":"<p>&hellip;<\/p>\n","protected":false},"author":16,"featured_media":0,"parent":0,"menu_order":15,"comment_status":"closed","ping_status":"closed","template":"","meta":{"_lmt_disableupdate":"no","_lmt_disable":""},"categories":[336],"tags":[],"acf":[],"yoast_head":"<!-- This site is optimized with the Yoast SEO plugin v17.2 - https:\/\/yoast.com\/wordpress\/plugins\/seo\/ -->\n<meta name=\"robots\" content=\"index, follow, max-snippet:-1, max-image-preview:large, max-video-preview:-1\" \/>\n<link rel=\"canonical\" href=\"https:\/\/iutdijon.u-bourgogne.fr\/www\/connexion-au-site\" \/>\n<meta property=\"og:locale\" content=\"fr_FR\" \/>\n<meta property=\"og:type\" content=\"article\" \/>\n<meta property=\"og:title\" content=\"Connexion au site &gt; IUT Dijon-Auxerre-Nevers\" \/>\n<meta property=\"og:description\" content=\"La partie priv\u00e9e du site est r\u00e9serv\u00e9e aux personnels de l\u2019uB ayant acc\u00e8s pour modifier les contenus : vous devez poss\u00e9dez un compte utilisateur. Le login et le mot de passe que&hellip;\" \/>\n<meta property=\"og:url\" content=\"https:\/\/iutdijon.u-bourgogne.fr\/www\/connexion-au-site\" \/>\n<meta property=\"og:site_name\" content=\"IUT Dijon-Auxerre-Nevers\" \/>\n<meta property=\"article:modified_time\" content=\"2023-04-18T07:21:25+00:00\" \/>\n<meta name=\"twitter:card\" content=\"summary_large_image\" \/>\n<script type=\"application\/ld+json\" class=\"yoast-schema-graph\">{\"@context\":\"https:\/\/schema.org\",\"@graph\":[{\"@type\":\"WebSite\",\"@id\":\"https:\/\/iutdijon.u-bourgogne.fr\/www\/#website\",\"url\":\"https:\/\/iutdijon.u-bourgogne.fr\/www\/\",\"name\":\"IUT Dijon-Auxerre-Nevers\",\"description\":\"L&#039;IUT Dijon-Auxerre-Nevers propose des formations post-bac dans les secteurs Informatique, Tertiaire et Industriel. Il d\\u00e9livre des dipl\\u00f4mes \\u00e0 Bac+3 (Bachelors Universitaires de Technologie ou Licences Professionnelles).\",\"potentialAction\":[{\"@type\":\"SearchAction\",\"target\":{\"@type\":\"EntryPoint\",\"urlTemplate\":\"https:\/\/iutdijon.u-bourgogne.fr\/www\/?s={search_term_string}\"},\"query-input\":\"required name=search_term_string\"}],\"inLanguage\":\"fr-FR\"},{\"@type\":\"WebPage\",\"@id\":\"https:\/\/iutdijon.u-bourgogne.fr\/www\/connexion-au-site#webpage\",\"url\":\"https:\/\/iutdijon.u-bourgogne.fr\/www\/connexion-au-site\",\"name\":\"Connexion au site &gt; IUT Dijon-Auxerre-Nevers\",\"isPartOf\":{\"@id\":\"https:\/\/iutdijon.u-bourgogne.fr\/www\/#website\"},\"datePublished\":\"2018-12-06T08:48:50+00:00\",\"dateModified\":\"2023-04-18T07:21:25+00:00\",\"breadcrumb\":{\"@id\":\"https:\/\/iutdijon.u-bourgogne.fr\/www\/connexion-au-site#breadcrumb\"},\"inLanguage\":\"fr-FR\",\"potentialAction\":[{\"@type\":\"ReadAction\",\"target\":[\"https:\/\/iutdijon.u-bourgogne.fr\/www\/connexion-au-site\"]}]},{\"@type\":\"BreadcrumbList\",\"@id\":\"https:\/\/iutdijon.u-bourgogne.fr\/www\/connexion-au-site#breadcrumb\",\"itemListElement\":[{\"@type\":\"ListItem\",\"position\":1,\"name\":\"Accueil\",\"item\":\"https:\/\/iutdijon.u-bourgogne.fr\/www\/\"},{\"@type\":\"ListItem\",\"position\":2,\"name\":\"Non cat\\u00e9goris\\u00e9\",\"item\":\"https:\/\/iutdijon.u-bourgogne.fr\/www\/category\/non-categorise\"},{\"@type\":\"ListItem\",\"position\":3,\"name\":\"Connexion au site\"}]}]}<\/script>\n<!-- \/ Yoast SEO plugin. -->","yoast_head_json":{"robots":{"index":"index","follow":"follow","max-snippet":"max-snippet:-1","max-image-preview":"max-image-preview:large","max-video-preview":"max-video-preview:-1"},"canonical":"https:\/\/iutdijon.u-bourgogne.fr\/www\/connexion-au-site","og_locale":"fr_FR","og_type":"article","og_title":"Connexion au site &gt; IUT Dijon-Auxerre-Nevers","og_description":"La partie priv\u00e9e du site est r\u00e9serv\u00e9e aux personnels de l\u2019uB ayant acc\u00e8s pour modifier les contenus : vous devez poss\u00e9dez un compte utilisateur. Le login et le mot de passe que&hellip;","og_url":"https:\/\/iutdijon.u-bourgogne.fr\/www\/connexion-au-site","og_site_name":"IUT Dijon-Auxerre-Nevers","article_modified_time":"2023-04-18T07:21:25+00:00","twitter_card":"summary_large_image","schema":{"@context":"https:\/\/schema.org","@graph":[{"@type":"WebSite","@id":"https:\/\/iutdijon.u-bourgogne.fr\/www\/#website","url":"https:\/\/iutdijon.u-bourgogne.fr\/www\/","name":"IUT Dijon-Auxerre-Nevers","description":"L&#039;IUT Dijon-Auxerre-Nevers propose des formations post-bac dans les secteurs Informatique, Tertiaire et Industriel. Il d\u00e9livre des dipl\u00f4mes \u00e0 Bac+3 (Bachelors Universitaires de Technologie ou Licences Professionnelles).","potentialAction":[{"@type":"SearchAction","target":{"@type":"EntryPoint","urlTemplate":"https:\/\/iutdijon.u-bourgogne.fr\/www\/?s={search_term_string}"},"query-input":"required name=search_term_string"}],"inLanguage":"fr-FR"},{"@type":"WebPage","@id":"https:\/\/iutdijon.u-bourgogne.fr\/www\/connexion-au-site#webpage","url":"https:\/\/iutdijon.u-bourgogne.fr\/www\/connexion-au-site","name":"Connexion au site &gt; IUT Dijon-Auxerre-Nevers","isPartOf":{"@id":"https:\/\/iutdijon.u-bourgogne.fr\/www\/#website"},"datePublished":"2018-12-06T08:48:50+00:00","dateModified":"2023-04-18T07:21:25+00:00","breadcrumb":{"@id":"https:\/\/iutdijon.u-bourgogne.fr\/www\/connexion-au-site#breadcrumb"},"inLanguage":"fr-FR","potentialAction":[{"@type":"ReadAction","target":["https:\/\/iutdijon.u-bourgogne.fr\/www\/connexion-au-site"]}]},{"@type":"BreadcrumbList","@id":"https:\/\/iutdijon.u-bourgogne.fr\/www\/connexion-au-site#breadcrumb","itemListElement":[{"@type":"ListItem","position":1,"name":"Accueil","item":"https:\/\/iutdijon.u-bourgogne.fr\/www\/"},{"@type":"ListItem","position":2,"name":"Non cat\u00e9goris\u00e9","item":"https:\/\/iutdijon.u-bourgogne.fr\/www\/category\/non-categorise"},{"@type":"ListItem","position":3,"name":"Connexion au site"}]}]}},"_links":{"self":[{"href":"https:\/\/iutdijon.u-bourgogne.fr\/www\/wp-json\/wp\/v2\/pages\/32"}],"collection":[{"href":"https:\/\/iutdijon.u-bourgogne.fr\/www\/wp-json\/wp\/v2\/pages"}],"about":[{"href":"https:\/\/iutdijon.u-bourgogne.fr\/www\/wp-json\/wp\/v2\/types\/page"}],"author":[{"embeddable":true,"href":"https:\/\/iutdijon.u-bourgogne.fr\/www\/wp-json\/wp\/v2\/users\/16"}],"replies":[{"embeddable":true,"href":"https:\/\/iutdijon.u-bourgogne.fr\/www\/wp-json\/wp\/v2\/comments?post=32"}],"version-history":[{"count":9,"href":"https:\/\/iutdijon.u-bourgogne.fr\/www\/wp-json\/wp\/v2\/pages\/32\/revisions"}],"predecessor-version":[{"id":11462,"href":"https:\/\/iutdijon.u-bourgogne.fr\/www\/wp-json\/wp\/v2\/pages\/32\/revisions\/11462"}],"wp:attachment":[{"href":"https:\/\/iutdijon.u-bourgogne.fr\/www\/wp-json\/wp\/v2\/media?parent=32"}],"wp:term":[{"taxonomy":"category","embeddable":true,"href":"https:\/\/iutdijon.u-bourgogne.fr\/www\/wp-json\/wp\/v2\/categories?post=32"},{"taxonomy":"post_tag","embeddable":true,"href":"https:\/\/iutdijon.u-bourgogne.fr\/www\/wp-json\/wp\/v2\/tags?post=32"}],"curies":[{"name":"wp","href":"https:\/\/api.w.org\/{rel}","templated":true}]}}