{"id":2264,"date":"2020-06-30T14:39:39","date_gmt":"2020-06-30T12:39:39","guid":{"rendered":"https:\/\/iutdijon.u-bourgogne.fr\/www\/?p=2264"},"modified":"2025-03-19T16:27:05","modified_gmt":"2025-03-19T15:27:05","slug":"vie-etudiante","status":"publish","type":"page","link":"https:\/\/iutdijon.u-bourgogne.fr\/www\/vie-etudiante","title":{"rendered":"Vie \u00e9tudiante"},"content":{"rendered":"<section class=\"kc-elm kc-css-847917 kc_row\"><div class=\"kc-row-container  kc-container\"><div class=\"kc-wrap-columns\"><div class=\"kc-elm kc-css-600847 kc_col-sm-8 kc_column kc_col-sm-8\"><div class=\"kc-col-container\"><div class=\"kc-elm kc-css-822051 kc-raw-code\"><ul id=\"vie-campus\"><li><a href=\"https:\/\/www.u-bourgogne.fr\/vie-des-campus\/campus-dauxerre\" title=\"Acc\u00e8s au campus d'Auxerre\"><img src=\"https:\/\/iutdijon.u-bourgogne.fr\/www\/wp-content\/uploads\/2020\/10\/campusAuxerre.png\" alt=\"\"><span class=\"btnLocation\"><\/span><\/a><div>Auxerre<\/div><\/li>\r\n\r\n<li><a href=\"https:\/\/www.u-bourgogne.fr\/vie-des-campus\/campus-de-dijon\" title=\"Acc\u00e8s au campus de Dijon\"><img src=https:\/\/iutdijon.u-bourgogne.fr\/www\/wp-content\/uploads\/2020\/10\/campusDijon.png\" alt=\"\"><span class=\"btnLocation\"><\/span><\/a><div>Dijon<\/div><\/li>\r\n\r\n<li><a href=\"https:\/\/www.u-bourgogne.fr\/vie-des-campus\/campus-de-nevers\" title=\"Acc\u00e8s au campus de Nevers\"><img src=\"https:\/\/iutdijon.u-bourgogne.fr\/www\/wp-content\/uploads\/2020\/10\/campusNevers.png\" alt=\"\"><span class=\"btnLocation\"><\/span><\/a><div>Nevers<\/div><\/li>\r\n\r\n<\/ul>\r\n<\/div><\/div><\/div><div id=\"gk-sidebar\" class=\"kc-elm kc-css-630953 kc_col-sm-5 kc_column kc_col-sm-5\"><div class=\"kc-col-container\"><div class=\"kc-elm kc-css-696220 kc_text_block contacts\"><\/p>\n<h2>Nous contacter<\/h2>\n<ul>\n<li><strong>Campus de Dijon<\/strong><br \/>\nBoulevard Docteur Petitjean<br \/>\nBP 17867 &#8211; 21078 Dijon cedex<br \/>\nT\u00e9l : 03 80 39 65 95<\/li>\n<li><strong>Campus d&rsquo;Auxerre<\/strong><br \/>\nRoutes des Plaines de l&rsquo;Yonne<br \/>\n89000 Auxerre<br \/>\nT\u00e9l : 03 86 49 28 20<\/li>\n<li><strong>Campus de Nevers\u00a0<\/strong><br \/>\n21 rue de l\u2019Universit\u00e9<br \/>\n58000 Nevers<br \/>\nT\u00e9l : 03 80 39 64 02<\/li>\n<\/ul>\n<p>\n<\/div><\/div><\/div><\/div><\/div><\/section>\n","protected":false},"excerpt":{"rendered":"<p>&hellip;<\/p>\n","protected":false},"author":16,"featured_media":0,"parent":0,"menu_order":0,"comment_status":"open","ping_status":"open","template":"","meta":{"_lmt_disableupdate":"no","_lmt_disable":""},"categories":[791],"tags":[],"acf":[],"yoast_head":"<!-- This site is optimized with the Yoast SEO plugin v17.2 - https:\/\/yoast.com\/wordpress\/plugins\/seo\/ -->\n<meta name=\"description\" content=\"Vie associative, culture, logement, aides financi\u00e8res ou encore transports, d\u00e9couvrez toutes les informations sur la vie \u00e9tudiante \u00e0 l&#039;IUT !\" \/>\n<meta name=\"robots\" content=\"index, follow, max-snippet:-1, max-image-preview:large, max-video-preview:-1\" \/>\n<link rel=\"canonical\" href=\"https:\/\/iutdijon.u-bourgogne.fr\/www\/vie-etudiante\" \/>\n<meta property=\"og:locale\" content=\"fr_FR\" \/>\n<meta property=\"og:type\" content=\"article\" \/>\n<meta property=\"og:title\" content=\"Vie \u00e9tudiante \u00e0 l&#039;IUT de Dijon-Auxerre\" \/>\n<meta property=\"og:description\" content=\"Vie associative, culture, logement, aides financi\u00e8res ou encore transports, d\u00e9couvrez toutes les informations sur la vie \u00e9tudiante \u00e0 l&#039;IUT !\" \/>\n<meta property=\"og:url\" content=\"https:\/\/iutdijon.u-bourgogne.fr\/www\/vie-etudiante\" \/>\n<meta property=\"og:site_name\" content=\"IUT Dijon-Auxerre-Nevers\" \/>\n<meta property=\"article:modified_time\" content=\"2025-03-19T15:27:05+00:00\" \/>\n<meta property=\"og:image\" content=\"https:\/\/iutdijon.u-bourgogne.fr\/www\/wp-content\/uploads\/2020\/10\/campusAuxerre.png\" \/>\n<meta name=\"twitter:card\" content=\"summary_large_image\" \/>\n<script type=\"application\/ld+json\" class=\"yoast-schema-graph\">{\"@context\":\"https:\/\/schema.org\",\"@graph\":[{\"@type\":\"WebSite\",\"@id\":\"https:\/\/iutdijon.u-bourgogne.fr\/www\/#website\",\"url\":\"https:\/\/iutdijon.u-bourgogne.fr\/www\/\",\"name\":\"IUT Dijon-Auxerre-Nevers\",\"description\":\"L&#039;IUT Dijon-Auxerre-Nevers propose des formations post-bac dans les secteurs Informatique, Tertiaire et Industriel. Il d\\u00e9livre des dipl\\u00f4mes \\u00e0 Bac+3 (Bachelors Universitaires de Technologie ou Licences Professionnelles).\",\"potentialAction\":[{\"@type\":\"SearchAction\",\"target\":{\"@type\":\"EntryPoint\",\"urlTemplate\":\"https:\/\/iutdijon.u-bourgogne.fr\/www\/?s={search_term_string}\"},\"query-input\":\"required name=search_term_string\"}],\"inLanguage\":\"fr-FR\"},{\"@type\":\"ImageObject\",\"@id\":\"https:\/\/iutdijon.u-bourgogne.fr\/www\/vie-etudiante#primaryimage\",\"inLanguage\":\"fr-FR\",\"url\":\"https:\/\/iutdijon.u-bourgogne.fr\/www\/wp-content\/uploads\/2020\/10\/campusAuxerre.png\",\"contentUrl\":\"https:\/\/iutdijon.u-bourgogne.fr\/www\/wp-content\/uploads\/2020\/10\/campusAuxerre.png\",\"width\":303,\"height\":303},{\"@type\":\"WebPage\",\"@id\":\"https:\/\/iutdijon.u-bourgogne.fr\/www\/vie-etudiante#webpage\",\"url\":\"https:\/\/iutdijon.u-bourgogne.fr\/www\/vie-etudiante\",\"name\":\"Vie \\u00e9tudiante \\u00e0 l'IUT de Dijon-Auxerre\",\"isPartOf\":{\"@id\":\"https:\/\/iutdijon.u-bourgogne.fr\/www\/#website\"},\"primaryImageOfPage\":{\"@id\":\"https:\/\/iutdijon.u-bourgogne.fr\/www\/vie-etudiante#primaryimage\"},\"datePublished\":\"2020-06-30T12:39:39+00:00\",\"dateModified\":\"2025-03-19T15:27:05+00:00\",\"description\":\"Vie associative, culture, logement, aides financi\\u00e8res ou encore transports, d\\u00e9couvrez toutes les informations sur la vie \\u00e9tudiante \\u00e0 l'IUT !\",\"breadcrumb\":{\"@id\":\"https:\/\/iutdijon.u-bourgogne.fr\/www\/vie-etudiante#breadcrumb\"},\"inLanguage\":\"fr-FR\",\"potentialAction\":[{\"@type\":\"ReadAction\",\"target\":[\"https:\/\/iutdijon.u-bourgogne.fr\/www\/vie-etudiante\"]}]},{\"@type\":\"BreadcrumbList\",\"@id\":\"https:\/\/iutdijon.u-bourgogne.fr\/www\/vie-etudiante#breadcrumb\",\"itemListElement\":[{\"@type\":\"ListItem\",\"position\":1,\"name\":\"Accueil\",\"item\":\"https:\/\/iutdijon.u-bourgogne.fr\/www\/\"},{\"@type\":\"ListItem\",\"position\":2,\"name\":\"Vie \\u00e9tudiante\",\"item\":\"https:\/\/iutdijon.u-bourgogne.fr\/www\/category\/vie-etudiante\"},{\"@type\":\"ListItem\",\"position\":3,\"name\":\"Vie \\u00e9tudiante\"}]}]}<\/script>\n<!-- \/ Yoast SEO plugin. -->","yoast_head_json":{"description":"Vie associative, culture, logement, aides financi\u00e8res ou encore transports, d\u00e9couvrez toutes les informations sur la vie \u00e9tudiante \u00e0 l'IUT !","robots":{"index":"index","follow":"follow","max-snippet":"max-snippet:-1","max-image-preview":"max-image-preview:large","max-video-preview":"max-video-preview:-1"},"canonical":"https:\/\/iutdijon.u-bourgogne.fr\/www\/vie-etudiante","og_locale":"fr_FR","og_type":"article","og_title":"Vie \u00e9tudiante \u00e0 l'IUT de Dijon-Auxerre","og_description":"Vie associative, culture, logement, aides financi\u00e8res ou encore transports, d\u00e9couvrez toutes les informations sur la vie \u00e9tudiante \u00e0 l'IUT !","og_url":"https:\/\/iutdijon.u-bourgogne.fr\/www\/vie-etudiante","og_site_name":"IUT Dijon-Auxerre-Nevers","article_modified_time":"2025-03-19T15:27:05+00:00","og_image":[{"url":"https:\/\/iutdijon.u-bourgogne.fr\/www\/wp-content\/uploads\/2020\/10\/campusAuxerre.png"}],"twitter_card":"summary_large_image","schema":{"@context":"https:\/\/schema.org","@graph":[{"@type":"WebSite","@id":"https:\/\/iutdijon.u-bourgogne.fr\/www\/#website","url":"https:\/\/iutdijon.u-bourgogne.fr\/www\/","name":"IUT Dijon-Auxerre-Nevers","description":"L&#039;IUT Dijon-Auxerre-Nevers propose des formations post-bac dans les secteurs Informatique, Tertiaire et Industriel. Il d\u00e9livre des dipl\u00f4mes \u00e0 Bac+3 (Bachelors Universitaires de Technologie ou Licences Professionnelles).","potentialAction":[{"@type":"SearchAction","target":{"@type":"EntryPoint","urlTemplate":"https:\/\/iutdijon.u-bourgogne.fr\/www\/?s={search_term_string}"},"query-input":"required name=search_term_string"}],"inLanguage":"fr-FR"},{"@type":"ImageObject","@id":"https:\/\/iutdijon.u-bourgogne.fr\/www\/vie-etudiante#primaryimage","inLanguage":"fr-FR","url":"https:\/\/iutdijon.u-bourgogne.fr\/www\/wp-content\/uploads\/2020\/10\/campusAuxerre.png","contentUrl":"https:\/\/iutdijon.u-bourgogne.fr\/www\/wp-content\/uploads\/2020\/10\/campusAuxerre.png","width":303,"height":303},{"@type":"WebPage","@id":"https:\/\/iutdijon.u-bourgogne.fr\/www\/vie-etudiante#webpage","url":"https:\/\/iutdijon.u-bourgogne.fr\/www\/vie-etudiante","name":"Vie \u00e9tudiante \u00e0 l'IUT de Dijon-Auxerre","isPartOf":{"@id":"https:\/\/iutdijon.u-bourgogne.fr\/www\/#website"},"primaryImageOfPage":{"@id":"https:\/\/iutdijon.u-bourgogne.fr\/www\/vie-etudiante#primaryimage"},"datePublished":"2020-06-30T12:39:39+00:00","dateModified":"2025-03-19T15:27:05+00:00","description":"Vie associative, culture, logement, aides financi\u00e8res ou encore transports, d\u00e9couvrez toutes les informations sur la vie \u00e9tudiante \u00e0 l'IUT !","breadcrumb":{"@id":"https:\/\/iutdijon.u-bourgogne.fr\/www\/vie-etudiante#breadcrumb"},"inLanguage":"fr-FR","potentialAction":[{"@type":"ReadAction","target":["https:\/\/iutdijon.u-bourgogne.fr\/www\/vie-etudiante"]}]},{"@type":"BreadcrumbList","@id":"https:\/\/iutdijon.u-bourgogne.fr\/www\/vie-etudiante#breadcrumb","itemListElement":[{"@type":"ListItem","position":1,"name":"Accueil","item":"https:\/\/iutdijon.u-bourgogne.fr\/www\/"},{"@type":"ListItem","position":2,"name":"Vie \u00e9tudiante","item":"https:\/\/iutdijon.u-bourgogne.fr\/www\/category\/vie-etudiante"},{"@type":"ListItem","position":3,"name":"Vie \u00e9tudiante"}]}]}},"_links":{"self":[{"href":"https:\/\/iutdijon.u-bourgogne.fr\/www\/wp-json\/wp\/v2\/pages\/2264"}],"collection":[{"href":"https:\/\/iutdijon.u-bourgogne.fr\/www\/wp-json\/wp\/v2\/pages"}],"about":[{"href":"https:\/\/iutdijon.u-bourgogne.fr\/www\/wp-json\/wp\/v2\/types\/page"}],"author":[{"embeddable":true,"href":"https:\/\/iutdijon.u-bourgogne.fr\/www\/wp-json\/wp\/v2\/users\/16"}],"replies":[{"embeddable":true,"href":"https:\/\/iutdijon.u-bourgogne.fr\/www\/wp-json\/wp\/v2\/comments?post=2264"}],"version-history":[{"count":80,"href":"https:\/\/iutdijon.u-bourgogne.fr\/www\/wp-json\/wp\/v2\/pages\/2264\/revisions"}],"predecessor-version":[{"id":14423,"href":"https:\/\/iutdijon.u-bourgogne.fr\/www\/wp-json\/wp\/v2\/pages\/2264\/revisions\/14423"}],"wp:attachment":[{"href":"https:\/\/iutdijon.u-bourgogne.fr\/www\/wp-json\/wp\/v2\/media?parent=2264"}],"wp:term":[{"taxonomy":"category","embeddable":true,"href":"https:\/\/iutdijon.u-bourgogne.fr\/www\/wp-json\/wp\/v2\/categories?post=2264"},{"taxonomy":"post_tag","embeddable":true,"href":"https:\/\/iutdijon.u-bourgogne.fr\/www\/wp-json\/wp\/v2\/tags?post=2264"}],"curies":[{"name":"wp","href":"https:\/\/api.w.org\/{rel}","templated":true}]}}

Vie étudiante

<section class="kc-elm kc-css-847917 kc_row"><div class="kc-row-container  kc-container"><div class="kc-wrap-columns"><div class="kc-elm kc-css-600847 kc_col-sm-8 kc_column kc_col-sm-8"><div class="kc-col-container"><div class="kc-elm kc-css-822051 kc-raw-code"><ul id="vie-campus"><li><a href="https://www.u-bourgogne.fr/vie-des-campus/campus-dauxerre" title="Accès au campus d'Auxerre"><img src="https://iutdijon.u-bourgogne.fr/www/wp-content/uploads/2020/10/campusAuxerre.png" alt=""><span class="btnLocation"></span></a><div>Auxerre</div></li>

<li><a href="https://www.u-bourgogne.fr/vie-des-campus/campus-de-dijon" title="Accès au campus de Dijon"><img src=https://iutdijon.u-bourgogne.fr/www/wp-content/uploads/2020/10/campusDijon.png" alt=""><span class="btnLocation"></span></a><div>Dijon</div></li>

<li><a href="https://www.u-bourgogne.fr/vie-des-campus/campus-de-nevers" title="Accès au campus de Nevers"><img src="https://iutdijon.u-bourgogne.fr/www/wp-content/uploads/2020/10/campusNevers.png" alt=""><span class="btnLocation"></span></a><div>Nevers</div></li>

</ul>
</div></div></div><div id="gk-sidebar" class="kc-elm kc-css-630953 kc_col-sm-5 kc_column kc_col-sm-5"><div class="kc-col-container"><div class="kc-elm kc-css-696220 kc_text_block contacts"></p>
<h2>Nous contacter</h2>
<ul>
<li><strong>Campus de Dijon</strong><br />
Boulevard Docteur Petitjean<br />
BP 17867 &#8211; 21078 Dijon cedex<br />
Tél : 03 80 39 65 95</li>
<li><strong>Campus d&rsquo;Auxerre</strong><br />
Routes des Plaines de l&rsquo;Yonne<br />
89000 Auxerre<br />
Tél : 03 86 49 28 20</li>
<li><strong>Campus de Nevers </strong><br />
21 rue de l’Université<br />
58000 Nevers<br />
Tél : 03 80 39 64 02</li>
</ul>
<p>
</div></div></div></div></div></section>

<!-- This site is optimized with the Yoast SEO plugin v17.2 - https://yoast.com/wordpress/plugins/seo/ -->
<meta name="description" content="Vie associative, culture, logement, aides financières ou encore transports, découvrez toutes les informations sur la vie étudiante à l&#039;IUT !" />
<meta name="robots" content="index, follow, max-snippet:-1, max-image-preview:large, max-video-preview:-1" />
<link rel="canonical" href="https://iutdijon.u-bourgogne.fr/www/vie-etudiante" />
<meta property="og:locale" content="fr_FR" />
<meta property="og:type" content="article" />
<meta property="og:title" content="Vie étudiante à l&#039;IUT de Dijon-Auxerre" />
<meta property="og:description" content="Vie associative, culture, logement, aides financières ou encore transports, découvrez toutes les informations sur la vie étudiante à l&#039;IUT !" />
<meta property="og:url" content="https://iutdijon.u-bourgogne.fr/www/vie-etudiante" />
<meta property="og:site_name" content="IUT Dijon-Auxerre-Nevers" />
<meta property="article:modified_time" content="2025-03-19T15:27:05+00:00" />
<meta property="og:image" content="https://iutdijon.u-bourgogne.fr/www/wp-content/uploads/2020/10/campusAuxerre.png" />
<meta name="twitter:card" content="summary_large_image" />
<script type="application/ld+json" class="yoast-schema-graph">{"@context":"https://schema.org","@graph":[{"@type":"WebSite","@id":"https://iutdijon.u-bourgogne.fr/www/#website","url":"https://iutdijon.u-bourgogne.fr/www/","name":"IUT Dijon-Auxerre-Nevers","description":"L&#039;IUT Dijon-Auxerre-Nevers propose des formations post-bac dans les secteurs Informatique, Tertiaire et Industriel. Il d\u00e9livre des dipl\u00f4mes \u00e0 Bac+3 (Bachelors Universitaires de Technologie ou Licences Professionnelles).","potentialAction":[{"@type":"SearchAction","target":{"@type":"EntryPoint","urlTemplate":"https://iutdijon.u-bourgogne.fr/www/?s={search_term_string}"},"query-input":"required name=search_term_string"}],"inLanguage":"fr-FR"},{"@type":"ImageObject","@id":"https://iutdijon.u-bourgogne.fr/www/vie-etudiante#primaryimage","inLanguage":"fr-FR","url":"https://iutdijon.u-bourgogne.fr/www/wp-content/uploads/2020/10/campusAuxerre.png","contentUrl":"https://iutdijon.u-bourgogne.fr/www/wp-content/uploads/2020/10/campusAuxerre.png","width":303,"height":303},{"@type":"WebPage","@id":"https://iutdijon.u-bourgogne.fr/www/vie-etudiante#webpage","url":"https://iutdijon.u-bourgogne.fr/www/vie-etudiante","name":"Vie \u00e9tudiante \u00e0 l'IUT de Dijon-Auxerre","isPartOf":{"@id":"https://iutdijon.u-bourgogne.fr/www/#website"},"primaryImageOfPage":{"@id":"https://iutdijon.u-bourgogne.fr/www/vie-etudiante#primaryimage"},"datePublished":"2020-06-30T12:39:39+00:00","dateModified":"2025-03-19T15:27:05+00:00","description":"Vie associative, culture, logement, aides financi\u00e8res ou encore transports, d\u00e9couvrez toutes les informations sur la vie \u00e9tudiante \u00e0 l'IUT !","breadcrumb":{"@id":"https://iutdijon.u-bourgogne.fr/www/vie-etudiante#breadcrumb"},"inLanguage":"fr-FR","potentialAction":[{"@type":"ReadAction","target":["https://iutdijon.u-bourgogne.fr/www/vie-etudiante"]}]},{"@type":"BreadcrumbList","@id":"https://iutdijon.u-bourgogne.fr/www/vie-etudiante#breadcrumb","itemListElement":[{"@type":"ListItem","position":1,"name":"Accueil","item":"https://iutdijon.u-bourgogne.fr/www/"},{"@type":"ListItem","position":2,"name":"Vie \u00e9tudiante","item":"https://iutdijon.u-bourgogne.fr/www/category/vie-etudiante"},{"@type":"ListItem","position":3,"name":"Vie \u00e9tudiante"}]}]}</script>
<!-- / Yoast SEO plugin. -->

Vie associative, culture, logement, aides financières ou encore transports, découvrez toutes les informations sur la vie étudiante à l'IUT !

Vie étudiante à l'IUT de Dijon-Auxerre

L&#039;IUT Dijon-Auxerre-Nevers propose des formations post-bac dans les secteurs Informatique, Tertiaire et Industriel. Il délivre des diplômes à Bac+3 (Bachelors Universitaires de Technologie ou Licences Professionnelles).
