{"id":672,"date":"2020-09-25T15:13:22","date_gmt":"2020-09-25T13:13:22","guid":{"rendered":"https:\/\/iutdijon.u-bourgogne.fr\/journeesppp2020\/?page_id=672"},"modified":"2020-09-26T09:45:40","modified_gmt":"2020-09-26T07:45:40","slug":"rejoindre-les-journees-ppp-dijon-via-teams","status":"publish","type":"page","link":"https:\/\/iutdijon.u-bourgogne.fr\/journeesppp2020\/rejoindre-les-journees-ppp-dijon-via-teams\/","title":{"rendered":"Rejoindre les journ\u00e9es PPP Dijon via Teams"},"content":{"rendered":"\n<p>D\u00e8s la cl\u00f4ture des inscriptions,\u00a0 vous allez recevoir un message sur votre adresse de messagerie sous cette forme :<\/p>\n\n\n\n<figure class=\"wp-block-image size-large is-style-default\"><img loading=\"lazy\" width=\"738\" height=\"526\" src=\"https:\/\/iutdijon.u-bourgogne.fr\/journeesppp2020\/wp-content\/uploads\/2020\/09\/ppp_teams01.png\" alt=\"\" class=\"wp-image-582\" srcset=\"https:\/\/iutdijon.u-bourgogne.fr\/journeesppp2020\/wp-content\/uploads\/2020\/09\/ppp_teams01.png 738w, https:\/\/iutdijon.u-bourgogne.fr\/journeesppp2020\/wp-content\/uploads\/2020\/09\/ppp_teams01-300x214.png 300w\" sizes=\"(max-width: 738px) 100vw, 738px\" \/><figcaption>Message re\u00e7u dans votre messagerie<\/figcaption><\/figure>\n\n\n\n<p><\/p>\n\n\n\n<h2>Si vous poss\u00e9dez d\u00e9j\u00e0 un compte Teams&#8230;<\/h2>\n\n\n\n<p>\u2026Et que vous l&#8217;application Teams est d\u00e9j\u00e0 install\u00e9e sur votre ordinateur, cliquez sur le bouton \u00ab&nbsp;Open Microsoft Teams&nbsp;\u00bb, une fen\u00eatre similaire \u00e0 celle-ci doit apparaitre :<\/p>\n\n\n\n<figure class=\"wp-block-image size-large\"><img loading=\"lazy\" width=\"921\" height=\"659\" src=\"https:\/\/iutdijon.u-bourgogne.fr\/journeesppp2020\/wp-content\/uploads\/2020\/09\/ppp_teams_01-1.png\" alt=\"\" class=\"wp-image-607\" srcset=\"https:\/\/iutdijon.u-bourgogne.fr\/journeesppp2020\/wp-content\/uploads\/2020\/09\/ppp_teams_01-1.png 921w, https:\/\/iutdijon.u-bourgogne.fr\/journeesppp2020\/wp-content\/uploads\/2020\/09\/ppp_teams_01-1-300x215.png 300w, https:\/\/iutdijon.u-bourgogne.fr\/journeesppp2020\/wp-content\/uploads\/2020\/09\/ppp_teams_01-1-768x550.png 768w\" sizes=\"(max-width: 921px) 100vw, 921px\" \/><\/figure>\n\n\n\n<p>Cliquez sur le bouton &#8220;ouvrir&#8221; pour que Teams s&#8217;ex\u00e9cute et soit redirig\u00e9 sur l&#8217;\u00e9quipe &#8220;Journ\u00e9es PPP Dijon&#8221; :<\/p>\n\n\n\n<figure class=\"wp-block-gallery columns-1 is-cropped\"><ul class=\"blocks-gallery-grid\"><li class=\"blocks-gallery-item\"><figure><img loading=\"lazy\" width=\"1024\" height=\"600\" src=\"https:\/\/iutdijon.u-bourgogne.fr\/journeesppp2020\/wp-content\/uploads\/2020\/09\/ppp_teams21-1-1024x600.png\" alt=\"\" data-id=\"609\" data-full-url=\"https:\/\/iutdijon.u-bourgogne.fr\/journeesppp2020\/wp-content\/uploads\/2020\/09\/ppp_teams21-1.png\" data-link=\"https:\/\/iutdijon.u-bourgogne.fr\/journeesppp2020\/2020\/09\/23\/tuto-via-teams\/ppp_teams21-1\/\" class=\"wp-image-609\" srcset=\"https:\/\/iutdijon.u-bourgogne.fr\/journeesppp2020\/wp-content\/uploads\/2020\/09\/ppp_teams21-1-1024x600.png 1024w, https:\/\/iutdijon.u-bourgogne.fr\/journeesppp2020\/wp-content\/uploads\/2020\/09\/ppp_teams21-1-300x176.png 300w, https:\/\/iutdijon.u-bourgogne.fr\/journeesppp2020\/wp-content\/uploads\/2020\/09\/ppp_teams21-1-768x450.png 768w, https:\/\/iutdijon.u-bourgogne.fr\/journeesppp2020\/wp-content\/uploads\/2020\/09\/ppp_teams21-1.png 1280w\" sizes=\"(max-width: 1024px) 100vw, 1024px\" \/><\/figure><\/li><\/ul><\/figure>\n\n\n\n<p>Vous \u00eates pr\u00eat.<\/p>\n\n\n\n<h2>SI VOUS NE POSSEDEZ PAS DE COMPTE Teams<\/h2>\n\n\n\n<p>Vous devez vous inscrire sur Teams en utilisant votre adresse de messagerie avec laquelle vous avez re\u00e7u ce mail d\u2019invitation. Pour se faire, dirigez-vous \u00e0 cette URL&nbsp;:<\/p>\n\n\n\n<p><a href=\"https:\/\/www.microsoft.com\/fr-fr\/microsoft-365\/microsoft-teams\/\">https:\/\/www.microsoft.com\/fr-fr\/microsoft-365\/microsoft-teams\/<\/a><\/p>\n\n\n\n<p>Puis cliquez sur \u00ab&nbsp;Inscrivez-vous gratuitement&nbsp;\u00bb&nbsp;:<\/p>\n\n\n\n<figure class=\"wp-block-image size-large\"><img loading=\"lazy\" width=\"920\" height=\"581\" src=\"https:\/\/iutdijon.u-bourgogne.fr\/journeesppp2020\/wp-content\/uploads\/2020\/09\/ppp_teams02.png\" alt=\"\" class=\"wp-image-583\" srcset=\"https:\/\/iutdijon.u-bourgogne.fr\/journeesppp2020\/wp-content\/uploads\/2020\/09\/ppp_teams02.png 920w, https:\/\/iutdijon.u-bourgogne.fr\/journeesppp2020\/wp-content\/uploads\/2020\/09\/ppp_teams02-300x189.png 300w, https:\/\/iutdijon.u-bourgogne.fr\/journeesppp2020\/wp-content\/uploads\/2020\/09\/ppp_teams02-768x485.png 768w\" sizes=\"(max-width: 920px) 100vw, 920px\" \/><\/figure>\n\n\n\n<p>Saisissez votre adresse de messagerie avec laquelle vous avez re\u00e7u votre invitation&nbsp;:<\/p>\n\n\n\n<figure class=\"wp-block-image size-large\"><img loading=\"lazy\" width=\"534\" height=\"545\" src=\"https:\/\/iutdijon.u-bourgogne.fr\/journeesppp2020\/wp-content\/uploads\/2020\/09\/ppp_teams03.png\" alt=\"\" class=\"wp-image-584\" srcset=\"https:\/\/iutdijon.u-bourgogne.fr\/journeesppp2020\/wp-content\/uploads\/2020\/09\/ppp_teams03.png 534w, https:\/\/iutdijon.u-bourgogne.fr\/journeesppp2020\/wp-content\/uploads\/2020\/09\/ppp_teams03-294x300.png 294w\" sizes=\"(max-width: 534px) 100vw, 534px\" \/><\/figure>\n\n\n\n<p>Puis&nbsp;\u00ab&nbsp;Cr\u00e9er un compte&nbsp;\u00bb :<\/p>\n\n\n\n<p>Saisissez votre adresse de messagerie. Vous devrez indiquer un nouveau mot de passe pour ce compte.<\/p>\n\n\n\n<figure class=\"wp-block-image size-large\"><img loading=\"lazy\" width=\"436\" height=\"407\" src=\"https:\/\/iutdijon.u-bourgogne.fr\/journeesppp2020\/wp-content\/uploads\/2020\/09\/ppp_teams04.png\" alt=\"\" class=\"wp-image-585\" srcset=\"https:\/\/iutdijon.u-bourgogne.fr\/journeesppp2020\/wp-content\/uploads\/2020\/09\/ppp_teams04.png 436w, https:\/\/iutdijon.u-bourgogne.fr\/journeesppp2020\/wp-content\/uploads\/2020\/09\/ppp_teams04-300x280.png 300w\" sizes=\"(max-width: 436px) 100vw, 436px\" \/><\/figure>\n\n\n\n<p>Sp\u00e9cifiez votre date de naissance<\/p>\n\n\n\n<figure class=\"wp-block-image size-large\"><img loading=\"lazy\" width=\"533\" height=\"574\" src=\"https:\/\/iutdijon.u-bourgogne.fr\/journeesppp2020\/wp-content\/uploads\/2020\/09\/ppp_teams05.png\" alt=\"\" class=\"wp-image-586\" srcset=\"https:\/\/iutdijon.u-bourgogne.fr\/journeesppp2020\/wp-content\/uploads\/2020\/09\/ppp_teams05.png 533w, https:\/\/iutdijon.u-bourgogne.fr\/journeesppp2020\/wp-content\/uploads\/2020\/09\/ppp_teams05-279x300.png 279w\" sizes=\"(max-width: 533px) 100vw, 533px\" \/><\/figure>\n\n\n\n<p>Un code de confirmation vous a \u00e9t\u00e9 envoy\u00e9 sur votre messagerie. Recopiez-le pour validation de la proc\u00e9dure d\u2019inscription&nbsp;:<\/p>\n\n\n\n<figure class=\"wp-block-image size-large\"><img loading=\"lazy\" width=\"466\" height=\"797\" src=\"https:\/\/iutdijon.u-bourgogne.fr\/journeesppp2020\/wp-content\/uploads\/2020\/09\/ppp_teams06.png\" alt=\"\" class=\"wp-image-587\" srcset=\"https:\/\/iutdijon.u-bourgogne.fr\/journeesppp2020\/wp-content\/uploads\/2020\/09\/ppp_teams06.png 466w, https:\/\/iutdijon.u-bourgogne.fr\/journeesppp2020\/wp-content\/uploads\/2020\/09\/ppp_teams06-175x300.png 175w\" sizes=\"(max-width: 466px) 100vw, 466px\" \/><\/figure>\n\n\n\n<p>Restez connect\u00e9&nbsp;:<\/p>\n\n\n\n<figure class=\"wp-block-image size-large\"><img loading=\"lazy\" width=\"459\" height=\"366\" src=\"https:\/\/iutdijon.u-bourgogne.fr\/journeesppp2020\/wp-content\/uploads\/2020\/09\/ppp_teams07.png\" alt=\"\" class=\"wp-image-588\" srcset=\"https:\/\/iutdijon.u-bourgogne.fr\/journeesppp2020\/wp-content\/uploads\/2020\/09\/ppp_teams07.png 459w, https:\/\/iutdijon.u-bourgogne.fr\/journeesppp2020\/wp-content\/uploads\/2020\/09\/ppp_teams07-300x239.png 300w\" sizes=\"(max-width: 459px) 100vw, 459px\" \/><\/figure>\n\n\n\n<p>\u2026Encore d\u2019autres informations attendues&nbsp;:<\/p>\n\n\n\n<figure class=\"wp-block-image size-large\"><img loading=\"lazy\" width=\"514\" height=\"801\" src=\"https:\/\/iutdijon.u-bourgogne.fr\/journeesppp2020\/wp-content\/uploads\/2020\/09\/ppp_teams08.png\" alt=\"\" class=\"wp-image-589\" srcset=\"https:\/\/iutdijon.u-bourgogne.fr\/journeesppp2020\/wp-content\/uploads\/2020\/09\/ppp_teams08.png 514w, https:\/\/iutdijon.u-bourgogne.fr\/journeesppp2020\/wp-content\/uploads\/2020\/09\/ppp_teams08-193x300.png 193w\" sizes=\"(max-width: 514px) 100vw, 514px\" \/><\/figure>\n\n\n\n<p>Votre compte est en cours de pr\u00e9paration&nbsp;:<\/p>\n\n\n\n<figure class=\"wp-block-image size-large\"><img loading=\"lazy\" width=\"548\" height=\"524\" src=\"https:\/\/iutdijon.u-bourgogne.fr\/journeesppp2020\/wp-content\/uploads\/2020\/09\/ppp_teams09.png\" alt=\"\" class=\"wp-image-590\" srcset=\"https:\/\/iutdijon.u-bourgogne.fr\/journeesppp2020\/wp-content\/uploads\/2020\/09\/ppp_teams09.png 548w, https:\/\/iutdijon.u-bourgogne.fr\/journeesppp2020\/wp-content\/uploads\/2020\/09\/ppp_teams09-300x287.png 300w\" sizes=\"(max-width: 548px) 100vw, 548px\" \/><\/figure>\n\n\n\n<figure class=\"wp-block-image size-large\"><img loading=\"lazy\" width=\"509\" height=\"409\" src=\"https:\/\/iutdijon.u-bourgogne.fr\/journeesppp2020\/wp-content\/uploads\/2020\/09\/ppp_teams10.png\" alt=\"\" class=\"wp-image-591\" srcset=\"https:\/\/iutdijon.u-bourgogne.fr\/journeesppp2020\/wp-content\/uploads\/2020\/09\/ppp_teams10.png 509w, https:\/\/iutdijon.u-bourgogne.fr\/journeesppp2020\/wp-content\/uploads\/2020\/09\/ppp_teams10-300x241.png 300w\" sizes=\"(max-width: 509px) 100vw, 509px\" \/><\/figure>\n\n\n\n<p>Enfin, votre nouveau compte Teams est op\u00e9rationnel. Il vous sera alors propos\u00e9 deux options d\u2019utilisation&nbsp;:<\/p>\n\n\n\n<figure class=\"wp-block-image size-large\"><img loading=\"lazy\" width=\"800\" height=\"512\" src=\"https:\/\/iutdijon.u-bourgogne.fr\/journeesppp2020\/wp-content\/uploads\/2020\/09\/ppp_teams11.png\" alt=\"\" class=\"wp-image-592\" srcset=\"https:\/\/iutdijon.u-bourgogne.fr\/journeesppp2020\/wp-content\/uploads\/2020\/09\/ppp_teams11.png 800w, https:\/\/iutdijon.u-bourgogne.fr\/journeesppp2020\/wp-content\/uploads\/2020\/09\/ppp_teams11-300x192.png 300w, https:\/\/iutdijon.u-bourgogne.fr\/journeesppp2020\/wp-content\/uploads\/2020\/09\/ppp_teams11-768x492.png 768w\" sizes=\"(max-width: 800px) 100vw, 800px\" \/><\/figure>\n\n\n\n<p>A \u2013 Acc\u00e9der \u00e0 Teams directement via votre navigateur Web (sans installation de logiciel)<\/p>\n\n\n\n<p>B \u2013 Soit en installant l&#8217;application Teams sur votre ordinateur (sans utiliser votre navigateur Web)<\/p>\n\n\n\n<h2>M\u00e9thode &#8220;A&#8221; : Utilisation en mode navigateur Web<\/h2>\n\n\n\n<p>Si vous utilisez votre navigateur Web, une page doit vous demander la s\u00e9lection d\u2019une organisation Teams.<\/p>\n\n\n\n<p>S\u00e9lectionnez &#8220;Universit\u00e9 de Bourgogne (Invit\u00e9)&#8221;<\/p>\n\n\n\n<figure class=\"wp-block-image size-large\"><img loading=\"lazy\" width=\"397\" height=\"518\" src=\"https:\/\/iutdijon.u-bourgogne.fr\/journeesppp2020\/wp-content\/uploads\/2020\/09\/ppp_teams12.png\" alt=\"\" class=\"wp-image-593\" srcset=\"https:\/\/iutdijon.u-bourgogne.fr\/journeesppp2020\/wp-content\/uploads\/2020\/09\/ppp_teams12.png 397w, https:\/\/iutdijon.u-bourgogne.fr\/journeesppp2020\/wp-content\/uploads\/2020\/09\/ppp_teams12-230x300.png 230w\" sizes=\"(max-width: 397px) 100vw, 397px\" \/><\/figure>\n\n\n\n<figure class=\"wp-block-image size-large\"><img loading=\"lazy\" width=\"356\" height=\"201\" src=\"https:\/\/iutdijon.u-bourgogne.fr\/journeesppp2020\/wp-content\/uploads\/2020\/09\/ppp_teams13.png\" alt=\"\" class=\"wp-image-594\" srcset=\"https:\/\/iutdijon.u-bourgogne.fr\/journeesppp2020\/wp-content\/uploads\/2020\/09\/ppp_teams13.png 356w, https:\/\/iutdijon.u-bourgogne.fr\/journeesppp2020\/wp-content\/uploads\/2020\/09\/ppp_teams13-300x169.png 300w\" sizes=\"(max-width: 356px) 100vw, 356px\" \/><\/figure>\n\n\n\n<p>Vous \u00eates ensuite sur Teams dans l\u2019\u00e9quipe des journ\u00e9es PPP Dijon&nbsp;:<\/p>\n\n\n\n<figure class=\"wp-block-image size-large\"><img loading=\"lazy\" width=\"1024\" height=\"679\" src=\"https:\/\/iutdijon.u-bourgogne.fr\/journeesppp2020\/wp-content\/uploads\/2020\/09\/ppp_teams14-1024x679.png\" alt=\"\" class=\"wp-image-595\" srcset=\"https:\/\/iutdijon.u-bourgogne.fr\/journeesppp2020\/wp-content\/uploads\/2020\/09\/ppp_teams14-1024x679.png 1024w, https:\/\/iutdijon.u-bourgogne.fr\/journeesppp2020\/wp-content\/uploads\/2020\/09\/ppp_teams14-300x199.png 300w, https:\/\/iutdijon.u-bourgogne.fr\/journeesppp2020\/wp-content\/uploads\/2020\/09\/ppp_teams14-768x509.png 768w, https:\/\/iutdijon.u-bourgogne.fr\/journeesppp2020\/wp-content\/uploads\/2020\/09\/ppp_teams14.png 1072w\" sizes=\"(max-width: 1024px) 100vw, 1024px\" \/><\/figure>\n\n\n\n<p>Vous \u00eates pr\u00eat.<\/p>\n\n\n\n<h2>M\u00e9thode &#8220;B&#8221; : Utilisation en mode installation de Teams<\/h2>\n\n\n\n<p>Installer Teams. Cliquez sur le bouton \u00ab&nbsp;T\u00e9l\u00e9charger l\u2019application&nbsp;\u00bb<\/p>\n\n\n\n<p>Son t\u00e9l\u00e9chargement d\u00e9bute&nbsp;:<\/p>\n\n\n\n<figure class=\"wp-block-image size-large\"><img loading=\"lazy\" width=\"340\" height=\"230\" src=\"https:\/\/iutdijon.u-bourgogne.fr\/journeesppp2020\/wp-content\/uploads\/2020\/09\/ppp_teams15.png\" alt=\"\" class=\"wp-image-596\" srcset=\"https:\/\/iutdijon.u-bourgogne.fr\/journeesppp2020\/wp-content\/uploads\/2020\/09\/ppp_teams15.png 340w, https:\/\/iutdijon.u-bourgogne.fr\/journeesppp2020\/wp-content\/uploads\/2020\/09\/ppp_teams15-300x203.png 300w\" sizes=\"(max-width: 340px) 100vw, 340px\" \/><\/figure>\n\n\n\n<p>Puis ex\u00e9cutez le fichier t\u00e9l\u00e9charg\u00e9. Teams s\u2019installe sur votre ordinateur et ouvre ensuite une fen\u00eatre d\u2019identification.<\/p>\n\n\n\n<p>Saisissez votre adresse mail pr\u00e9c\u00e9demment utilis\u00e9e pour vous inscrire sur Teams et son mot de passe associ\u00e9&nbsp;:<\/p>\n\n\n\n<figure class=\"wp-block-image size-large\"><img loading=\"lazy\" width=\"489\" height=\"687\" src=\"https:\/\/iutdijon.u-bourgogne.fr\/journeesppp2020\/wp-content\/uploads\/2020\/09\/ppp_teams16.png\" alt=\"\" class=\"wp-image-597\" srcset=\"https:\/\/iutdijon.u-bourgogne.fr\/journeesppp2020\/wp-content\/uploads\/2020\/09\/ppp_teams16.png 489w, https:\/\/iutdijon.u-bourgogne.fr\/journeesppp2020\/wp-content\/uploads\/2020\/09\/ppp_teams16-214x300.png 214w\" sizes=\"(max-width: 489px) 100vw, 489px\" \/><\/figure>\n\n\n\n<p>Teams pr\u00e9pare ensuite votre environnement\u2026 Une fois cela effectu\u00e9, vous devez obtenir une fen\u00eatre similaire \u00e0 celle-ci&nbsp;:<\/p>\n\n\n\n<figure class=\"wp-block-image size-large\"><img loading=\"lazy\" width=\"1024\" height=\"600\" src=\"https:\/\/iutdijon.u-bourgogne.fr\/journeesppp2020\/wp-content\/uploads\/2020\/09\/ppp_teams17-1024x600.png\" alt=\"\" class=\"wp-image-598\" srcset=\"https:\/\/iutdijon.u-bourgogne.fr\/journeesppp2020\/wp-content\/uploads\/2020\/09\/ppp_teams17-1024x600.png 1024w, https:\/\/iutdijon.u-bourgogne.fr\/journeesppp2020\/wp-content\/uploads\/2020\/09\/ppp_teams17-300x176.png 300w, https:\/\/iutdijon.u-bourgogne.fr\/journeesppp2020\/wp-content\/uploads\/2020\/09\/ppp_teams17-768x450.png 768w, https:\/\/iutdijon.u-bourgogne.fr\/journeesppp2020\/wp-content\/uploads\/2020\/09\/ppp_teams17.png 1280w\" sizes=\"(max-width: 1024px) 100vw, 1024px\" \/><\/figure>\n\n\n\n<p>S\u00e9lectionner \u00ab&nbsp;Universit\u00e9 de Bourgogne (Invit\u00e9)&nbsp;:<\/p>\n\n\n\n<figure class=\"wp-block-image size-large\"><img loading=\"lazy\" width=\"374\" height=\"205\" src=\"https:\/\/iutdijon.u-bourgogne.fr\/journeesppp2020\/wp-content\/uploads\/2020\/09\/ppp_teams18.png\" alt=\"\" class=\"wp-image-599\" srcset=\"https:\/\/iutdijon.u-bourgogne.fr\/journeesppp2020\/wp-content\/uploads\/2020\/09\/ppp_teams18.png 374w, https:\/\/iutdijon.u-bourgogne.fr\/journeesppp2020\/wp-content\/uploads\/2020\/09\/ppp_teams18-300x164.png 300w\" sizes=\"(max-width: 374px) 100vw, 374px\" \/><\/figure>\n\n\n\n<figure class=\"wp-block-image size-large\"><img loading=\"lazy\" width=\"368\" height=\"419\" src=\"https:\/\/iutdijon.u-bourgogne.fr\/journeesppp2020\/wp-content\/uploads\/2020\/09\/ppp_teams19.png\" alt=\"\" class=\"wp-image-600\" srcset=\"https:\/\/iutdijon.u-bourgogne.fr\/journeesppp2020\/wp-content\/uploads\/2020\/09\/ppp_teams19.png 368w, https:\/\/iutdijon.u-bourgogne.fr\/journeesppp2020\/wp-content\/uploads\/2020\/09\/ppp_teams19-263x300.png 263w\" sizes=\"(max-width: 368px) 100vw, 368px\" \/><\/figure>\n\n\n\n<figure class=\"wp-block-image size-large\"><img loading=\"lazy\" width=\"463\" height=\"250\" src=\"https:\/\/iutdijon.u-bourgogne.fr\/journeesppp2020\/wp-content\/uploads\/2020\/09\/ppp_teams20.png\" alt=\"\" class=\"wp-image-601\" srcset=\"https:\/\/iutdijon.u-bourgogne.fr\/journeesppp2020\/wp-content\/uploads\/2020\/09\/ppp_teams20.png 463w, https:\/\/iutdijon.u-bourgogne.fr\/journeesppp2020\/wp-content\/uploads\/2020\/09\/ppp_teams20-300x162.png 300w\" sizes=\"(max-width: 463px) 100vw, 463px\" \/><\/figure>\n\n\n\n<figure class=\"wp-block-image size-large\"><img loading=\"lazy\" width=\"1024\" height=\"600\" src=\"https:\/\/iutdijon.u-bourgogne.fr\/journeesppp2020\/wp-content\/uploads\/2020\/09\/ppp_teams21-1024x600.png\" alt=\"\" class=\"wp-image-602\" srcset=\"https:\/\/iutdijon.u-bourgogne.fr\/journeesppp2020\/wp-content\/uploads\/2020\/09\/ppp_teams21-1024x600.png 1024w, https:\/\/iutdijon.u-bourgogne.fr\/journeesppp2020\/wp-content\/uploads\/2020\/09\/ppp_teams21-300x176.png 300w, https:\/\/iutdijon.u-bourgogne.fr\/journeesppp2020\/wp-content\/uploads\/2020\/09\/ppp_teams21-768x450.png 768w, https:\/\/iutdijon.u-bourgogne.fr\/journeesppp2020\/wp-content\/uploads\/2020\/09\/ppp_teams21.png 1280w\" sizes=\"(max-width: 1024px) 100vw, 1024px\" \/><\/figure>\n\n\n\n<p>Vous \u00eates pr\u00eat.<\/p>\n","protected":false},"excerpt":{"rendered":"<p>D\u00e8s la cl\u00f4ture des inscriptions,\u00a0 vous allez recevoir un message sur votre adresse de messagerie sous cette forme : Si vous poss\u00e9dez d\u00e9j\u00e0 un compte Teams&#8230; \u2026Et que vous l&#8217;application Teams est d\u00e9j\u00e0 install\u00e9e sur votre ordinateur, cliquez sur le bouton \u00ab&nbsp;Open Microsoft Teams&nbsp;\u00bb, une fen\u00eatre similaire \u00e0 celle-ci doit apparaitre : Cliquez sur le&hellip; <br \/> <a class=\"read-more\" href=\"https:\/\/iutdijon.u-bourgogne.fr\/journeesppp2020\/rejoindre-les-journees-ppp-dijon-via-teams\/\">Read more<\/a><\/p>\n","protected":false},"author":1,"featured_media":0,"parent":0,"menu_order":0,"comment_status":"closed","ping_status":"closed","template":"","meta":[],"_links":{"self":[{"href":"https:\/\/iutdijon.u-bourgogne.fr\/journeesppp2020\/wp-json\/wp\/v2\/pages\/672"}],"collection":[{"href":"https:\/\/iutdijon.u-bourgogne.fr\/journeesppp2020\/wp-json\/wp\/v2\/pages"}],"about":[{"href":"https:\/\/iutdijon.u-bourgogne.fr\/journeesppp2020\/wp-json\/wp\/v2\/types\/page"}],"author":[{"embeddable":true,"href":"https:\/\/iutdijon.u-bourgogne.fr\/journeesppp2020\/wp-json\/wp\/v2\/users\/1"}],"replies":[{"embeddable":true,"href":"https:\/\/iutdijon.u-bourgogne.fr\/journeesppp2020\/wp-json\/wp\/v2\/comments?post=672"}],"version-history":[{"count":17,"href":"https:\/\/iutdijon.u-bourgogne.fr\/journeesppp2020\/wp-json\/wp\/v2\/pages\/672\/revisions"}],"predecessor-version":[{"id":759,"href":"https:\/\/iutdijon.u-bourgogne.fr\/journeesppp2020\/wp-json\/wp\/v2\/pages\/672\/revisions\/759"}],"wp:attachment":[{"href":"https:\/\/iutdijon.u-bourgogne.fr\/journeesppp2020\/wp-json\/wp\/v2\/media?parent=672"}],"curies":[{"name":"wp","href":"https:\/\/api.w.org\/{rel}","templated":true}]}}